 -13*1)*32/(-64). What is the tens digit of (1 - 3)*n/42*1779?
9
Suppose 4*b + 4*i - 1916 = 0, -5*b - 15*i + 16*i + 2425 = 0. What is the tens digit of b?
8
Let l(f) = -467*f - 1277. What is the tens digit of l(-19)?
9
Let i = 4273 + -2131. Suppose -14*w + 7*w = -i. What is the hundreds digit of w?
3
Suppose -396 = 93*h - 105*h. What is the thousands digit of (2 + (-1)/2)/(h/32428)?
1
Suppose 3*q - 737 = -2*j, 0*q + 1123 = 3*j + q. Let h = j + -714. What is the tens digit of (1 - h)/(1/(-4)*-6)?
2
Let r(f) = -f**3 - 8*f**2 + f + 12. Let j be r(-8). Suppose j*q = 5*q - 2. Suppose -q*p + 61 = -89. What is the units digit of p?
5
Let g = -21873 + 24754. What is the thousands digit of g?
2
Let b be (-2)/(-15) + 17876/30 + 2. Let z = -293 + b. What is the hundreds digit of z?
3
Let a(y) = 1162*y - 472. What is the units digit of a(33)?
4
Suppose 0 = i - 4*k - 10066, 4*i + 25*k = 21*k + 40384. What is the hundreds digit of i?
0
Suppose 157*s - 247362 - 31941 = 0. What is the tens digit of s?
7
Let g = 3535 + -1532. Let x = -1153 + g. What is the tens digit of x?
5
Let i(y) = -2*y**3 - 18*y**2 + 16*y - 10. Let q be i(-7). Let b = q + 454. What is the hundreds digit of b?
1
Suppose -3 = 4*n - 7*n, 0 = 5*c - 3*n + 183. Let f = c - -24. What is the tens digit of (-3)/f + (-2829)/(-12) + -4?
3
Suppose -3*i + 38174 - 8349 = 5*h, 2*h = -4*i + 11916. What is the thousands digit of h?
5
Let b be -1 + 2 + 8 + -7. Let k be (4*b - 0) + 36/(-9). Suppose -334 = -k*v + 194. What is the tens digit of v?
3
Let k be 8/(-6) + 1 + 21/9. Suppose 76 = -4*i + r + 459, 0 = i - k*r - 94. Let s = 174 - i. What is the tens digit of s?
7
Suppose -4*y = -x + 11 + 1, x - 5*y = 14. Suppose -4*g + 988 = 2*s + 10, -x*s + g = -1947. Suppose 0 = -4*l + s + 13. What is the units digit of l?
5
Let y(i) = i**2 - 9*i + 10. Let w be y(7). Let c(n) = -n**2 + n + 1. Let r(v) = -15*v**2 + 4*v. Let j(p) = 4*c(p) - r(p). What is the hundreds digit of j(w)?
1
Suppose -3*l + 6*l = 5*s - 50, -3*l + 10 = s. Let y be 451 - s/(-5 + 3). Suppose 7*c = y + 1623. What is the units digit of c?
7
Suppose -5*h + 14 = 2*p, -4*h = -2*p - 7*h + 10. Suppose 1781 = 3*b + p*t - 2159, -2*t = -4*b + 5272. Suppose -10*s + b + 1084 = 0. What is the tens digit of s?
4
Let v = 36449 - 7833. What is the units digit of v?
6
Let h = -86 + 66. What is the units digit of ((-8)/h)/(2/6410)?
2
Suppose -4*x = -2593 - 3431. Suppose -3009 = -15*o + x. What is the units digit of o?
1
Suppose -x = -o + 28, 5*o - 140 = 2*x + 12. What is the units digit of 37828/o - 9/72?
2
Let f(n) = 5*n**2 - 11*n + 6. Let j be f(5). Let z = j - 174. Let r = -10 - z. What is the tens digit of r?
8
Let r(i) = -7*i + 1. Let s be r(-3). Let u(a) = -5*a**2 + 60*a + 15. Let g be u(12). Let h = g + s. What is the units digit of h?
7
Let m be ((-22628)/16 - -6)*(3 - 7). Let v = m - 3846. What is the units digit of v?
7
Let h = -8 + 8. Let m(i) = -1 + h - 10*i + 2 + 9. What is the units digit of m(-6)?
0
Let o(w) = 2*w**2 - 9*w + 53. Let n be o(13). Let z = -41 + n. What is the tens digit of z?
3
Suppose 8*p = 6*p + 8. Let n be -4 + 5 + -5 + p. What is the hundreds digit of 30*(n - 40/(-12))?
1
Suppose -5*i + 120 = 5*r, -2*r = -7*r - 3*i + 118. Suppose 4*o - 2*c - 3 - r = 0, 2*c + 1 = -o. Suppose o*v - 95 = -0*v. What is the tens digit of v?
1
Let o be 31/(-217) - (-100)/14 - 3. Suppose 5*w + 4 = 2*g + 8, 0 = 2*w - 4. Suppose -o*x = g*b - 4*b - 342, -3*x = b - 253. What is the units digit of x?
5
Suppose -5*y = -5*u + 30010, 36*y - 41*y = 20. What is the hundreds digit of u?
9
Let r = -411 + 8. Let i = -248 - r. What is the tens digit of i?
5
Let j be (-356)/(-5) + 3/(-15). Let c = j + -69. Suppose -5*g = l - 99, 0 = -c*l + l - 4*g + 98. What is the units digit of l?
4
Let t(q) = q**3 - 11*q**2 - 5*q - 10. Suppose 12*o - 500 = 17*o. Let l = o - -112. What is the tens digit of t(l)?
7
Let p be 354/10 - (-9)/15. Suppose u - p = -3*x - 250, 0 = -5*x - u - 358. Let v = x - -126. What is the tens digit of v?
5
Suppose -20*p + 24*p = -m - 2, -4*p - 4*m - 8 = 0. Let w(x) = 2*x**2 + 12*x + 398. What is the units digit of w(p)?
8
What is the units digit of (-61394)/(-6) + -1 + 28/756*18?
2
Let r be 4*29057/56*2. Let u = r - 2460. What is the tens digit of u?
9
Suppose 3 = 6*f - 9. Let z be f - -4*3/6. Suppose -z*a = l - 3*a - 109, -5*l + a + 539 = 0. What is the tens digit of l?
0
What is the tens digit of (-1)/(-10 + 264889/26489)?
8
Let r(w) = -3*w**2 + 8*w + 11. Let o(i) = 4*i**2 - 9*i - 12. Let d(k) = 4*o(k) + 3*r(k). What is the units digit of d(7)?
4
Suppose -168414 - 162340 = -34*v - 88708. What is the hundreds digit of v?
1
Suppose 0 = -2*p, 3*p = 12*q - 7*q - 6650. Let t = q + -742. What is the units digit of t?
8
What is the hundreds digit of (1 - -7) + (16263 - (-21 + 2))?
2
Let s(t) = 3*t**3 - 27*t**2 - 121*t + 34. What is the tens digit of s(19)?
6
Let v be (-18)/(-9) - (6/3 - 2). Suppose 5*b + 3 = -2*w + 275, v*w - 308 = 4*b. What is the units digit of w?
6
Suppose -24*s + 45*s = 32*s - 23958. What is the units digit of s?
8
Let w(o) = -170*o + 42*o - 5 - 20*o - 23*o - 89*o. What is the units digit of w(-2)?
5
Suppose 61*b = 65*b - 72. Let s be (2 + 7 - -1)/(b - 16). Suppose 3*m = -4*w + 900, -m - 130 = -s*w + 995. What is the hundreds digit of w?
2
Let q be (-3 + 2)/((-9)/(-792)). What is the tens digit of (0 + 57)*q/(-12)?
1
Let v be (-35)/(-10)*4/42*9. Suppose 0 = 3*c - 3*j - 2613, -2*c - 2*j = -v*j - 1745. What is the tens digit of c?
7
Let l(y) be the third derivative of -7*y**4/8 - y**3/6 - 49*y**2 - 2*y. What is the units digit of l(-3)?
2
Suppose -4*m + f + 20 = 0, 4*m + 54*f - 57*f = 20. Suppose 3*t = -m*w + 3072, -3*t = -4*w - 2873 - 172. What is the thousands digit of t?
1
Suppose 88210 = 8*r + 55*k - 50*k, 44106 = 4*r + 3*k. What is the ten thousands digit of r?
1
Let w(s) = s**3 + s**2 - 10*s + 9. Let p be w(3). Let o be -5 + ((-8)/(-3) - (-5)/p). What is the units digit of (o + 3)*(225 + (-8 - -4))?
1
Let o = 223 - 235. Let c(a) = a**3 + 9*a**2 - 40*a + 16. What is the units digit of c(o)?
4
Suppose 2*i + 2 = 10. Suppose 2*p - 24 = -i*p. What is the tens digit of (-2)/(-6)*(4 - p - -255)?
8
Let x(i) = 329*i**2 + 700*i + 8419. What is the units digit of x(-12)?
5
Let r = 278 + -15. Suppose -6*k = r - 1847. What is the units digit of 2/10 + k/55?
5
Let h be (2/(-2) - -5) + (816 - -16). Suppose -5*k + h = -399. What is the hundreds digit of k?
2
Let t(u) = -4*u**2 + 2*u**2 + 3*u**2 + 4 - 4*u. Let o be t(2). Suppose -4*c + 12*c - 1184 = o. What is the tens digit of c?
4
Let r = 20241 - -34546. What is the hundreds digit of r?
7
Let r(w) = -3263*w + 858. What is the units digit of r(-4)?
0
Suppose 4*o + 16 = 28. Suppose 3*f - 3525 = -o*c, -20*c = 3*f - 15*c - 3521. What is the units digit of f?
7
Let p be (429/(-6))/((-2)/(-4)). Let k = -24 + p. Let j = k + 283. What is the hundreds digit of j?
1
Suppose -22*d + 30*d + 560 = 0. Let q = 66 + d. What is the units digit of (-1 + 21)*q*15/(-12)?
0
Let i(x) = 5*x**2 - 24*x + 6. Let l be i(5). Suppose 112 = l*v - 10*v. What is the hundreds digit of v?
1
Let q(x) = 487*x + 1 - 495*x - 8*x**2 + 3*x**3 - 24*x**3. What is the tens digit of q(-3)?
2
Let g(m) = -m**2 - 4*m + 3. Let a be g(-3). Suppose -2*h + a*h - 8 = 0. Suppose -h*z + 110 = -58. What is the units digit of z?
4
Let o(y) = -9*y**3 + y**3 - 9*y**3 - 11 + 16*y**3 + 5*y - 6*y**2. Let c be o(-7). Suppose 0 = 2*p - 15 - c. What is the units digit of p?
9
Suppose 10031 = 4*b + 279. Suppose -b = -18*y + 7174. What is the hundreds digit of y?
5
Suppose 0 = 4*r - 0*q + q - 58610, 5*q = -3*r + 43983. What is the ten thousands digit of r?
1
Suppose -4*m + 88048 = 4*d, 3*d = -m + 88 + 21938. What is the ten thousands digit of m?
2
Let j = -42 - -46. Let s be 2 - j*4/16. Let a(k) = 54*k**2 + 2*k - 2. What is the tens digit of a(s)?
5
Let d = 1340 + -668. What is the hundreds digit of d?
6
Let x(s) = 868*s + 1589. What is the units digit of x(2)?
5
Let g = 115411 - 57733. What is the thousands digit of g?
7
Suppose 4*d - 12 = 0, -5*y + 50575 + 10532 = -d. What is the ten thousands digit of y?
1
Let c be ((-13)/(260/(-136)) + -6)/(10/(-25)). Let o(q) = q - 1. Let v be o(1). What is the units digit of (c - v)*(-45)/18 + 3?
8
Suppose 2*s = -3*k - 28